s the greatest common factor of a and 68?
34
Let l = -13448 - -13669. What is the greatest common factor of 12376 and l?
221
Let j be -6 + -2 + (-156)/(-6). Suppose 0 = -z - 3*n - 6, -19*z = -17*z + 4*n + 2. What is the highest common divisor of j and z?
9
Let s(t) be the first derivative of -5/2*t**2 + 10*t - 26. Let k be s(-2). What is the highest common divisor of 140 and k?
20
Let s(q) = q**2 + 103*q - 80. Let u be s(-105). Calculate the greatest common divisor of 9685 and u.
65
Let p(i) = i**3 - 12*i**2 + 10*i + 13. Let c be p(11). Suppose c*l = 31 + 19. What is the greatest common factor of 15 and l?
5
Suppose 2*j - 1054 = -3*f, j = 178*f - 182*f + 1417. Calculate the highest common divisor of 7209 and f.
89
Let o(l) = -3*l**3 + 20*l**2 - 13*l + 11. Let v be o(6). Suppose f - 69 = -v*b, 34 = 2*b + 2*f + 8. Calculate the greatest common divisor of b and 14.
14
Let t be 114/(1 + (-1)/(-2)). Suppose -33336 + 21761 = 411*w - 159946. What is the highest common factor of w and t?
19
Let m = 155 + -152. Suppose 103 = 3*p + m*r - 26, 2*p - 86 = 4*r. Calculate the greatest common divisor of 129 and p.
43
Let d = -212 + 214. Let x be 6/d + 1 + 10. Calculate the greatest common divisor of x and 350.
14
Let j be ((-6)/18)/((-2)/24). Suppose -j*v + 31 = -a, 0 = 4*a - 5 + 1. Suppose 0 = 5*u - 29 - 91. What is the greatest common divisor of u and v?
8
Suppose 4*w = 7*w + 3*u + 117, 12 = -4*u. Let o(x) = -18*x + 2. Let d be o(-3). Let g = w + d. Calculate the highest common factor of 20 and g.
20
Suppose 4*w + 3*f - 370 = 0, 644*f - 639*f + 10 = 0. Calculate the highest common factor of 517 and w.
47
Let h = 345 - 217. Suppose 20 - h = -2*x. Let z = -1399 - -1417. What is the highest common factor of z and x?
18
Let c be ((-40)/25)/(132/135 - 1). Suppose 0 = 75*y - c*y - 60. Let o = 539 - 219. What is the greatest common divisor of y and o?
20
Let p(v) = v**2 - 18*v - 8. Let s(l) = 1. Let d(n) = -p(n) + 4*s(n). Let c = 9 + 9. Let a be d(c). Calculate the highest common divisor of 30 and a.
6
Suppose 0 = -0*k + k + 1. Suppose -247*y + 245*y = -8. Let p be 2*(-75)/y*2/k. Calculate the highest common divisor of 15 and p.
15
Suppose 0 = -3*m + 2*n + 335, -7*n + 2*n - 456 = -4*m. Suppose -p - m = 66. Let j = 280 + p. What is the highest common divisor of j and 42?
21
Let x = -755 - -436. Let t = 374 + x. What is the highest common divisor of t and 11?
11
Let s be 1 + 4 + -334 + 0. Let u = -304 - s. Calculate the greatest common divisor of u and 25.
25
Suppose -34*w + 38*w - 16 = 0. Let x be w + (-4837)/(-63) - (-4)/18. Calculate the greatest common divisor of x and 189.
27
Let h be 3 + (-70)/22 - 840/(-264). Suppose -4*j + 265 = 5*v + j, h*j = -9. Let u be 2/4 + (-334)/(-4). What is the greatest common divisor of u and v?
28
Let j = -1 - -4. Let g be (-123)/(-12) + j/4. Calculate the greatest common factor of 286 and g.
11
Let j = -434 + 435. Let a be j/6 + 368/96. Calculate the highest common divisor of a and 404.
4
Let l = -2780 - -3144. Calculate the greatest common divisor of 1404 and l.
52
Let r be (-1236)/(-8) + ((-3)/(-2) - 1). Let l = r - 125. Suppose -2*f + 2 + 18 = 0. What is the highest common divisor of l and f?
10
Let m be ((-549)/(-122))/(2/472). Calculate the highest common factor of 144 and m.
18
Suppose v + 5*o - 19 = 0, 0*v + 70 = 3*v + 2*o. What is the highest common divisor of 1116 and v?
12
Suppose 5*r - 9 = -4*o + 20, 5*r - 5*o = 20. Suppose -4*d + 2*l + 16 = 0, r*d - 4 - 6 = 5*l. What is the highest common divisor of 6 and d?
6
Let c(m) = 2*m**2 - 6*m - 8. Let u be c(7). Suppose 0*f = -5*s + 4*f + 294, 2*f = 5*s - 302. Let z = -46 + s. Calculate the greatest common divisor of z and u.
16
Suppose 0 = 2*k + 4*i - 2244, -i = 2*k + 3*k - 5601. What is the highest common factor of 40 and k?
40
Suppose 3287 = 16*f + 247. Suppose 3*d - 45 = -5*l, d - 2*l - 46 = -d. What is the greatest common factor of d and f?
10
Suppose 3*d - 32 = 4. Let m(h) = 2*h + 17. Let j be m(-4). Suppose 39 = 4*z + j*z. Calculate the greatest common factor of d and z.
3
Suppose -3*g + 683 + 343 = 0. Let z = g - 321. What is the greatest common divisor of z and 231?
21
Let k be (-161)/(-2) - (-19)/(-380)*10. What is the greatest common divisor of 2390 and k?
10
Suppose -20*i + 1252 = 452. Suppose 0 = -4*l - 6 + 246. Calculate the highest common factor of i and l.
20
Let h be 317/5 + 2/(-5). Let o be (-26)/(-65) - -3*(-1872)/(-135). Calculate the greatest common factor of o and h.
21
Suppose -108*t + 102*t = 2*d - 126, 4*t + 137 = 3*d. Calculate the greatest common factor of 3264 and d.
51
Let f(r) = 11*r**2 - 17*r + 37. Let t be f(14). Calculate the highest common factor of 1035 and t.
115
Suppose -3*w - 1059 = 123. Let j = 618 + w. Suppose 0 = 17*y - 25*y + 256. What is the highest common factor of y and j?
32
Let s(t) = t - 8. Let m = 4 - -6. Let g be s(m). Suppose -3*i = -3 + 18, n - g*i = 56. Calculate the highest common divisor of 69 and n.
23
Let j(d) = -17*d - 11. Let y be j(-7). Let v = -25 - -27. Suppose -6*l + v*l + 72 = 0. What is the highest common divisor of l and y?
18
Suppose 13836 = 361*v - 64704 + 564. Let b(x) = 2*x**3 - x**2 + 4*x - 3. Let h be b(3). Calculate the highest common divisor of h and v.
54
Let l be ((-1)/(-1) + 36)*(-97)/(-97). Let d be l + (-8)/2 + -5 + 10. Calculate the highest common divisor of d and 76.
38
Suppose 310 - 334 = 4*t. Let v be ((-17)/t)/((-59)/(-354)). Suppose 3*a - 2*a = 153. Calculate the greatest common factor of a and v.
17
Suppose 2*h = -3*a + 36, 31*h + 3*a = 22*h + 120. What is the greatest common divisor of h and 19932?
12
Let v = -533 - -538. Suppose -3*p + 228 = v*a, a - 2*p - 88 = -a. Calculate the greatest common divisor of 495 and a.
45
Let c be 11/(-1) - (-57 - -39). Calculate the highest common divisor of c and 763.
7
Suppose 9 = -3*u, 160*u - 164*u - 1347 = -3*q. What is the highest common factor of q and 5?
5
Suppose 0 = 9*k - 1247 - 1246. Let u = -265 + k. What is the highest common divisor of 12 and u?
12
Suppose -4*i + 170 = -338. Suppose 9*w - i - 440 = 0. Let r = w + -50. What is the greatest common factor of r and 143?
13
Suppose -26*g + 3312 = 22*g + 21*g. Calculate the highest common divisor of 13008 and g.
48
Let q(z) = 204*z - 1312. Let h be q(14). Calculate the greatest common divisor of 24 and h.
8
Suppose -359*v + 161*v + 797544 = 0. What is the highest common divisor of 8 and v?
4
Suppose 20 = -4*b, 14 = 5*v - 4*b - 121. Let h be ((-1145)/(-25) - 2/(-10))/((-12)/(-114)). What is the greatest common divisor of v and h?
23
Suppose -4*i = 80*n - 81*n - 193, 5*i - 5*n - 215 = 0. What is the greatest common factor of 12150 and i?
50
Let r = -21569 - -12149. Let g be 3/(r/43848 - (-4)/18). Calculate the highest common divisor of 14 and g.
14
Let r(c) = -3*c**2 + 2*c + 175. Let g(w) = 3*w + 21. Let d be g(-7). Let a be r(d). What is the greatest common factor of a and 70?
35
Let v(g) = -2*g - 8. Let y be v(-11). Let r be 4 + 38/171*(10 - 1). Suppose y = b + r*b. Calculate the highest common divisor of b and 10.
2
Let m = -4 + 7. Suppose 0 = -m*w + 6*w + 36. Let b(q) = -q**2 - 13*q - 10. Let t be b(w). Calculate the greatest common factor of t and 2.
2
Let n(s) = 2*s - 31 + 21*s - 29*s + s**3 + 7*s**2. Let a be n(-7). Calculate the highest common divisor of 407 and a.
11
Let x = 350 - 166. Let z(i) = -4*i**3 + 18*i**2 + 24*i - 57. Let g be z(6). Let h = x + g. Calculate the greatest common divisor of 11 and h.
11
Let c = -10242 + 10267. What is the greatest common factor of c and 155?
5
Let d = 141 - -2629. Calculate the highest common divisor of 50 and d.
10
Let f = -2463 + 2471. Calculate the greatest common divisor of 1040 and f.
8
Let d be 35699/87 + 4/(-12). Calculate the greatest common factor of d and 1394.
82
Suppose 12 = q + 3*q, -4*c + 4*q = 684. Let i = c - -177. What is the greatest common factor of i and 3?
3
Let d be 0 + 1 + (-15 - 6). Let y(p) = -p**3 - 19*p**2 + 19*p - 16. Let c be y(d). Suppose -c*b - 55 = -9*b. Calculate the highest common divisor of 33 and b.
11
Let z(t) = -47*t + 2. Suppose -3*x + 26 = -29*x. Let j be z(x). Calculate the greatest common divisor of j and 105.
7
Let s(b) = -96*b**3 - 100*b**3 + 296*b**3 - 10*b - 97*b**3 + 24*b**2 + 7. Let k be s(-8). What is 